5 - -4 - 15) + 49?
57
-7 + 1 + (-10220 - -10269)
43
What is 1 + 12 + 55 + 29 + -45?
52
Calculate 0 + 17 - (-370 + 381).
6
Evaluate (21 + 0 - (20 - (-88 - -9))) + (1 - -3).
-74
-20 + 19 + -2 + (-14 + 6 - -4) - 50
-57
What is -47 + -6 + (633 - 627)?
-47
Calculate 3 + -33 + (11 - -56 - -8).
45
What is 26 + -71 + 40 - (-23 + -4 + 2 + 0)?
20
What is -5 + 0 + (49 + 6 - (12 - -160))?
-122
What is the value of -85 - ((-103 - -106) + 42)?
-130
Evaluate 32 + 57 + 28 + -107.
10
What is the value of -5 + (11 - -6) + (-18 - (-31 + 18))?
7
What is -7 + (252 + -201 - (0 - -13))?
31
Evaluate (68 + -103 - (-7 - 13)) + (-1 - 50) - 1.
-67
8 + 116 + (-145 - -114 - (-34 + -1))
128
Calculate -31 + -12 + (8 - 0) + (-4 - (8 + -17)).
-30
Evaluate -1 - (-5 - 7 - ((-5 - -9) + -24)).
-9
What is the value of -371 + 366 - (1 - -40)?
-46
Evaluate 272 + -379 - (-2 + -3 - 3).
-99
Calculate 2 + (-12 - -5) + (67 - 77) + (1 - 33).
-47
What is 37 + 23 + -39 + 20 + 76?
117
What is 14 + -29 + 11 + -2 + 3 + 0 + -16?
-19
What is the value of (9 - 14 - 17) + (-4 - 1)?
-27
Evaluate -23 - (31 - 3 - 27) - (-3 + -32).
11
Calculate -59 + (178 - (-24 + 148)).
-5
What is the value of -67 - (-15 + 6 + -3) - 28?
-83
Calculate -79 + (-5 - -1 - -2) - (-158 + 300 - 152).
-71
What is (10 - 2 - 8 - -8) + 7 - 10?
5
Calculate -4 + (-18 - 10) + 21 + 46.
35
Evaluate (671 - 654) + (3 + -7 - -9).
22
Evaluate 5 - ((13 - (-16 + -5 + 2)) + 8 + 1).
-36
(10 + 0 - (-38 + 33)) + (11 - 21)
5
What is (119 - 147 - (-3 + -37)) + (0 - (23 - 1))?
-10
Calculate -60 + 72 + -8 + 7 + -10 + 66.
67
Calculate 16 + (16 - (-23 + 32)) + (-1 - -17).
39
Evaluate (128 - 205 - (-20 + -1)) + -15.
-71
24 + -18 + -3 - (4 + 8 - 2 - -3)
-10
Calculate -8 - (2 - 1 - (15 + -15)) - (-33 + 1).
23
Calculate 2 + 7 + -19 + 47 + -7.
30
What is the value of (-8 - -7 - (-45 - -27)) + 2?
19
Calculate 37 + -113 + -4 + (1 - (-9 - 0)).
-70
Evaluate -317 - -352 - (-1 + 27).
9
(42 - -6) + 1 + 5 + -9 + (23 - 22)
46
Calculate 17 + -20 + -6 + -8 + (-8 - -93).
68
91 + (-2 - (-4 + (-21 + 7 - 0 - -2)))
105
What is the value of -13385 - -13327 - (1 - 214)?
155
Calculate 10 - (8 - (-1 - 12 - (-279 + 265))) - -50.
53
Evaluate -1 - (-1 - 1 - (-135 + 119)).
-15
-77 + 0 - (-584 - -510)
-3
What is 103 + -68 + 0 + -67?
-32
Calculate (-15 - (-56 - -17)) + (1 - (-15 + 9)).
31
Evaluate -39 - (9 + -20 - -5 - (3 - -8)).
-22
What is -46 - (-11 - (13 - (12 + -32 + 47)))?
-49
Calculate (-1 - 110) + (73 - 165 - -114).
-89
What is the value of (-201 - (-359 - -164)) + -63 + -2?
-71
Calculate 1 + -13 - (-60 + (-2 - 4)).
54
Evaluate 66 + -136 - -81 - (3 + -8 - 8).
24
Evaluate (-54 - 2) + 31 + -27 + -4 + 10 + 1.
-45
What is the value of (60 - 2) + -150 + 12?
-80
What is (-20 - -5) + -9 + (47 - 15)?
8
What is 30 - ((-7 - 1) + (104 - 109) + 11)?
32
(-49 + 92 - 42) + 5
6
What is the value of 156 - (-45 + -127 + 272)?
56
Evaluate -28 + -1 + 28 + -10 + 2 - -1.
-8
11 + (-9 - -8 - 22) - 1
-13
What is the value of (-24 - -67) + -36 + (-4 - 1) + -6?
-4
What is the value of -50 + 41 + -4 + 34?
21
What is the value of (10 - 6) + (0 + -8 - (-18 - (-15 + 3)))?
2
13 + (7 - (-21 - -15) - 23)
3
-53 + 75 + -6 - 96
-80
What is the value of 27 - 6 - (9 + 41 - 10) - (-3 - 2)?
-14
20 - (-23 - -1 - (-42 + 20)) - 80
-60
What is (-295 - -248) + 10 + 25?
-12
What is the value of (47 - 44) + 10 - -34?
47
What is 71 + -22 - (0 - (1 + -7))?
43
Evaluate (-4 + 15 + (0 - -5 - 16) - 1) + -63.
-64
What is the value of 38 + (3 - 3 - -4 - 12) - 8?
22
What is the value of -62 + -1 + (146 - (94 + 43))?
-54
What is (-1 - (12 - (-14 + 2 + -9)) - 0) + 9?
-25
What is (13 - 37) + 13 - (-3 + 90) - (-12 - 2)?
-84
Calculate 1 + -1 + (10 - 7) + (-32 - 7 - 6).
-42
-45 - (-11 + (-1 - -5) + -32 + 30)
-36
What is (9 - 20 - 8) + 19 + -5?
-5
35 + -10 - ((14 - (32 + -3)) + 12)
28
Evaluate 111 - 42 - (19 + -2 + -4).
56
What is the value of (-60 + (-2 - -7) - -7) + -5 + (-8 - -9)?
-52
Calculate (-179 - -211) + -15 - (44 - 1).
-26
What is the value of 11 + -129 + 1 + (-39 - -84)?
-72
Evaluate (4 - -4) + -67 + (3 - -4) + -3.
-55
What is the value of 18 - (11 + -6 + 31 + -16) - 10?
-12
What is the value of (10 - 21 - (11 - -22)) + -10 + 8?
-46
What is (-75 - (-47 - -92)) + 81?
-39
What is 39 - (-82 + 86 + -2)?
37
What is the value of -2 - (32 + -55 - (3 - 8))?
16
What is (0 - -1) + -6 - (-21 - (-77 + 39 + 10))?
-12
Calculate -1 + 105 - (-322 - -437).
-11
What is the value of -77 + (-13 - (-31 + -9))?
-50
Calculate -8 - -2 - (-2 - 15) - (183 - 151).
-21
What is 14 - (1 + -17 - (-25 + 100 + -74))?
31
Calculate (-235 - -257) + (7 - (0 - (3 + -1))).
31
(-1 - -11) + (17 - (62 + 38)) + (0 - 0)
-73
Evaluate -111 - -101 - (20 + 7).
-37
What is the value of 60 - 99 - -25 - 50?
-64
Evaluate 37 + -23 - 73 - -58.
-1
15 + (4 + 20 + -65 - -24)
-2
What is the value of -8 - -16 - 22 - (7 - (-17 + -3))?
-41
Calculate -63 - (4 + -24 + 15).
-58
What is -863 + 831 - (-3 + -42)?
13
What is 35 + -110 + 41 + 0?
-34
What is 67 + 59 - (-36 - -3 - -31)?
128
(-11 - (-10 + 4 - 6)) + -19 + -60
-78
99 + 57 - (-3 - (11 + -31)) - (1 + -11)
149
Evaluate -138 - (54 - 210 - -72).
-54
400 + -352 - (19 - 0)
29
What is (-2924 - -2916) + -42 + (0 - 1) + 0?
-51
42 - 5 - (10 + -4 + 2 + -8)
37
Calculate (34 - (19 - -33)) + 71.
53
Calculate (-7 + 11 - -16) + -45 - -4 - 20.
-41
5 + -26 + 14 + -4 - (47 - -9)
-67
Evaluate (14 - (2 + -1)) + -6 + -57 + 70.
20
-58 - (-4 - (-20 - (22 - 9)))
-87
Calculate 7 - (-22 - (12 - 28) - (8 + -2)).
19
What is 5 - (-3 - -26 - 25)?
7
-7 + 17 + (-9 - -3) - ((7 - 3) + 111)
-111
What is the value of 25 + -33 + (-9 - (-8 + 3 + -2))?
-10
-76 + -169 + 159 - (-1 + 11 + (-2 - -3))
-97
What is 61 - 1 - (3677 + -3653)?
36
What is (-34 - -124) + 1 + -51?
40
What is 7 + -46 - (-55 + 26 + 43 - (12 + 0))?
-41
Calculate (-1 - -1) + 31 - (-4903 - -4988).
-54
Calculate 19 + -30 - (36 + 8).
-55
What is (77 - (13 - -46)) + -15?
3
Evaluate -156 + (6 - (-30 - -55 - (29 - -2))).
-144
Calculate 5 + ((-2 - -5) + 2 + -39 - (2 + -3)).
-28
What is (0 - -8 - ((-1 - -19) + -14)) + -50?
-46
What is the value of (41 - (106 + -11)) + 145?
91
Evaluate (1 + 35 + -10 - (-17 - -81)) + -1 + 0.
-39
What is the value of (330 + -459 - -118) + -1 + (2 - -25)?
15
Calculate (18 - 11) + (3 - 52 - -2) - -3.
-37
What is (-26 + (5 - 3) - (-17 - -9)) + 103?
87
What is (-1 - -12 - (-2 - 1) - (-6 + -5)) + -10?
15
Evaluate (-109 + 197 - -29) + -96.
21
Evaluate 22 + -76 - -100 - 12.
34
Calculate 34 - 25 - (29 - (-2 - -4)) - 14.
-32
Evaluate (36 - (-16 + 51)) + 38 - 18.
21
What is the value of -51 - (-12 - 49) - (0 - (0 + -2 - 3))?
5
Evaluate -70 + 31 + 21 + -47 + 14.
-51
Evaluate -32 - (95 + -155) - -9.
37
Evaluate -3 + 19 + (-40 - -28) + (0 - 0).
4
What is 8 + (0 - -1) + -9 + -42 + -2?
-44
What is the value of 0 + -104 + 334 + -187 + -116?
-73
Evaluate (0 - -1) + (-67 - 1 - 3) - (2704 + -2699).
-75
Calculate 33 - (10 + -15 - -29 - 30).
39
Calculate 27 - (854 - 771 - (-1 - -28)).
-29
-171 + 124 + (-10 - (-6 + 5) - (3 + -6))
-53
What is -6 + 2 + -11 - (7 - -1 - (15 + 2))?
-6
Evaluate -24 - (-94 + -46 + 234).
-118
Calculate 29 + -5 - 7 - ((43 - -3) + -147).
118
What is the value of -30 - -16 - -39 - (15 + -3) - -44?
57
What is the value of (28 - 16) + (-3 - (-17 + 2) - 11)?
13
Calculate -2 + -12 - (-22 - -7 - -21 - -11).
-31
What is the value of 57 - -32 - ((-15 - -44) + -6)?
66
-7 + 21 + -2 - (50 + -34)
-4
What is -11 + (10 + -19 - (-19 + 5)) - 58?
-64
What is -49 + 1 + (0 + -13 - -27) + 6 + -5?
-33
Evaluate -19 + ((-12 - -26) + -32 - -34).
-3
What is the value of (-29 + 24 - (-2 + 3 + 35)) + -9 + 7?
-43
Evaluate -5 + (23 - 5) + (75 - 21) + -14.
53
Calculate (-6 + 31 - 107) + (0 - -3 - 3).
-82
Calculate 59 - ((-14 - 6) + 2 + 21 - 13).
69
Evaluate -13 + (15 - -36) + 21 + 24.
83
What is -48 + 17 - (-4 + (28 - 3))?
-52
1 + 8 + -5 + -1 - (-2 - 31)
36
What is the value of -22 + 23 + 5 + -9 - (5 - -55 - 3)?
-60
Calculate -249 + 208 + (-2 - -3 - -19) + -88.
-109
What is the value of -66 + (10 + 3 - 15) - -8 - -7?
-53
(2455 - 2561) + 201 + 3
98
(-1 - -11) + 56 + (-15 - 29) - 12
10
What is the value of 3 + -1 + -3 - -9 - (4531 + -4509)?
-14
Evaluate -4 + (-59 - (5 + (14 - 7) + -3)).
-72
What is (3 + 0 + 38 + -35 - -14) + 14?
34
(38 - -1) + (-1068 - -1083)
54
Evaluate 1 + -8 - ((8 + 29 - -3) + -66).
19
E